 Let o be r(-6). What is a(o)?
1
Let x(g) = 16*g**2 - 27 - 3*g - 15*g**2 + 30. Give x(3).
3
Let b(v) = -v**3 - 4*v**2 - 10*v + 7. Let h(m) = m**3 + 5*m**2 + 10*m - 7. Let l(j) = 4*b(j) + 5*h(j). Give l(-8).
-23
Let o(l) = -9*l + 44. Let s(m) = 6*m - 28. Let i(f) = 5*o(f) + 8*s(f). Give i(5).
11
Let x = -12 - -16. Let v be (-1)/(-3) + 24/(-18). Let n be (v + 1)/(12/x). Let z(t) = -t + 1. Give z(n).
1
Let j(h) = -h**3 - 5*h**2 + 7*h - 2. Let u = 295 + -301. Determine j(u).
-8
Let q(t) = t**2 - 2*t - 1. Let r be q(4). Let u(i) = -i**2 + 15 - 21 - r*i + i. What is u(-6)?
-6
Let v = 9 + -18. Let s(a) be the third derivative of a**6/120 + 3*a**5/20 + 3*a**3/2 - 2*a**2 + 39*a. What is s(v)?
9
Suppose 4*m - a - 70 = 0, 0 = -4*m - 2*a - 14 + 90. Suppose -4*o + 24 = 3*r, o - r - m = -2*o. Suppose 0 = 4*z - 22 + o. Let j(c) = -c - 2. Give j(z).
-6
Let o(u) = 61 - 2*u**3 - 5*u**2 - 42 + u + u**3 - 29 + 2*u. Calculate o(-6).
8
Let l(z) = z**3 - 4*z**2 - 6*z - 2. Let b = 65 + -68. Let u be -3 - 0 - ((-9)/b - 11). What is l(u)?
-7
Let a(r) = r**3 - r**2 + r - 1. Let k(v) be the second derivative of -v**5/10 + v**4/6 - 2*v**3/3 + v**2/2 + 8*v. Let s(t) = 3*a(t) + k(t). Give s(2).
0
Let b(c) = -c**2 - 18*c - 13. Let f = -1218 + 1201. Determine b(f).
4
Suppose 10*l - 65 = 25. Let s(x) = -x**2 + 10*x - 1. Calculate s(l).
8
Suppose 0 = 5*z - 5*i - 35, -5*z - 6*i + 27 = -3*i. Let c(f) = -4*f**2 + 3*f - 2. Let d(u) = 4*u**2 - 3*u + 2. Let t(m) = z*c(m) + 5*d(m). What is t(2)?
-12
Let d = 73 - 55. Suppose 0 = 2*r - 5*r - d. Let i(m) = m**3 + 5*m**2 - 6*m + 4. Calculate i(r).
4
Suppose 0 = -h + 4*b + 10, -b + 5*b = -5*h - 22. Let n(j) = 4*j**3 + j**2 - j + 2. Determine n(h).
-24
Let q(d) = 0 - 6 + 2 - 169*d + 162*d. What is q(-4)?
24
Let x(o) = -1. Let m(h) = -2*h - 10. Let g(t) = -3*m(t) + 30*x(t). Let j be -3 - 4/((-16)/28). Suppose -j = -l, -2*a + 10 = -3*a + 3*l. Give g(a).
12
Let b = -51 - -56. Let f(u) = -u + b*u**2 - 5*u**2 - u**2 + 16. Determine f(0).
16
Let y(v) = v - 1. Let q be 5/(-4)*4 + 4. Give y(q).
-2
Let v(g) = g**3 + 16*g**2 + 15*g + 8. Let q be 10*((-8)/16 + -1). What is v(q)?
8
Let h(f) be the third derivative of f**6/360 - f**5/60 + f**4/8 + 7*f**2. Let i(b) be the second derivative of h(b). Determine i(5).
8
Let v(x) = -4*x. Let l(c) = -7*c. Let g(n) = -4*l(n) + 6*v(n). Suppose -2*o = 106 - 108. Determine g(o).
4
Let k(t) = -t**2 + 6*t + 6. Let h = -88 + 93. Let s be 3/h + (-320)/(-50). What is k(s)?
-1
Let m be 2 + (3*2)/(-3). Let u be (2 + 0 + 2)/2. Let o(v) = 22*v**2 + v**3 - 9*v**u + v - 12*v**2 - 9. Determine o(m).
-9
Suppose 0 = 3*y + 6*y - 63. Let j(z) = -7*z**2 - 5*z - 2. Let o(s) = 15*s**2 + 11*s + 5. Let i(a) = y*j(a) + 3*o(a). Determine i(1).
-5
Let j = -3110 + 3109. Let r(x) = 3*x**3 + x**2 + 2*x. Determine r(j).
-4
Let d(g) = -g**2 - 12*g - 6. Let x be d(-11). Suppose 0 = f - 3*f, -f - 15 = x*z. Let w(q) = 3*q**2 + 2*q - 1. Calculate w(z).
20
Let j = -26 + 38. Suppose -3*m + 2*u + 3*u = -14, -2*m + 4*u = -j. Let r(s) = -s**3 - s**2 + 3*s + 2. Give r(m).
0
Let z(p) = -p + 1. Suppose -2*d = -0*q + 5*q - 8, 2*d = 4*q + 8. Let u(j) = 3*j - 8. Let y be u(d). What is z(y)?
-3
Let s(z) = 5*z - 4*z + z - 2. Let u be s(2). Let q(g) = 5 - 4*g**2 - 2 - 1 + 2*g + 2*g**2. Determine q(u).
-2
Suppose 121*g - 134*g + 13 = 0. Let x(n) = 6*n. Let v(s) = -6*s. Let i(p) = 4*v(p) + 3*x(p). Let l(z) = -z. Let h(f) = 2*i(f) - 4*l(f). What is h(g)?
-8
Suppose -4*m = -0*m + 2*j - 8, 4*m = 5*j + 8. Let f(s) = s**3 - 2*s**2 - 5*s + 7. Let u be f(m). Let l(n) = -4*n - 1. What is l(u)?
11
Suppose 0 = -2*y + 4*u + 13 - 5, -3*y + u = -7. Suppose -9*h - y*h + 22 = 0. Let m(f) = -2*f**2 + 4*f - 3. Calculate m(h).
-3
Let h(p) = -2*p**2 + 18*p - 3. Let j be 10/(-125) - (-227)/25. Calculate h(j).
-3
Let r(l) = l**3 + 6*l**2 - 9*l - 6. Let i be r(-7). Let o(j) = -44 + j + 26 - 2*j + 2*j. Determine o(i).
-10
Let o(k) = -8*k**2 + 1. Suppose a + 3 = 0, 3*b + 5*a + 4 = -14. Give o(b).
-7
Let q(u) = -16*u - 68. Let r(p) = -5*p - 22. Let a(k) = -3*q(k) + 10*r(k). Give a(-16).
16
Let a(c) = 7*c**2 + 8*c - 10. Let w(p) = 3*p**2 + 4*p - 5. Let t(d) = 2*a(d) - 5*w(d). Suppose -16*k = -12*k - 40. Let x be (11/22)/((-1)/k). Determine t(x).
0
Let p(u) = -u**2 - 66*u - 365. Let a be p(-60). Let r(v) = -2*v**2 - 12*v - 5. Calculate r(a).
5
Let y(u) = 2*u**3 + 8*u**2 + 37*u + 94. Let p be y(-3). Let b(v) = v**3 - 1. Let r(x) = 5*x**3 - x**2 - 5. Let d(a) = -4*b(a) + r(a). Give d(p).
-1
Let k(v) = -v**2 + 1. Let r(u) = -u**3 - 14*u**2 + u + 13. Let s be r(-14). Let w(h) = -11*h**2 + 7. Let x(y) = s*w(y) + 6*k(y). Give x(-2).
19
Let d(n) be the third derivative of n**2 + 0*n + 1/6*n**3 + 0 - 7/24*n**4. Suppose 0 = 4*u + 5*t - 0*t - 19, 2*u + 4 = 2*t. What is d(u)?
-6
Suppose i - 4*p - 8 = 10, 2*i + 3 = -5*p. Let b(y) = 12*y - 7*y - i*y + y**3. Give b(1).
0
Let x(p) = -p + 1. Let q(j) be the first derivative of -j**2/2 - 8*j - 2. Let m be q(-8). Suppose m = -u - 4*u - 30. Determine x(u).
7
Let y(g) = -2*g**3 - 12*g**2 + 32*g + 3. Let l(j) = -j**3 - 6*j**2 + 15*j + 2. Let c(u) = -13*l(u) + 6*y(u). Determine c(-6).
10
Let p(q) = -q**2 - q + 5. Let n be p(0). Suppose 3 = n*c - 22. Let h(d) = 4*d + 2*d + 4 - d**2 - c*d - 5. Determine h(1).
-1
Let c(b) be the second derivative of 9*b**5/20 - b**4/6 + b**2/2 - 5*b - 13. What is c(1)?
8
Let w(b) = -179 + 87 + 3*b + 94. Determine w(-2).
-4
Let l(j) = -j**2 - 22*j + 71. Let c be -1*1*(-20 + 45). Calculate l(c).
-4
Let s = -77 - -79. Let t(m) = -3*m - 396 - m**s + 391 - 3*m. Calculate t(-4).
3
Let i(y) = y**2 - 2*y + 3. Let s be i(3). Let u(t) = -1 - 8*t + s - 5. What is u(1)?
-8
Let s(b) = b - 1. Let r(l) = 16*l + 4. Let j(x) = r(x) + 3*s(x). Give j(-1).
-18
Suppose -6*k - 70 = -8*k. Suppose -6*l = 115 + k. Let i = -26 - l. Let a(r) = 3*r**3 - r**2 - 2*r - 1. Calculate a(i).
-3
Let j(n) = n**3 + 2*n**2 - 3*n + 2. Let v be j(-3). Suppose 11*t + 7 - 62 = 0. Let o(z) = 5 + z**v - t*z + 9*z - z. Calculate o(-5).
15
Let a be (-60)/(-10 - -5) + -5 + -1. Let g(b) = -4*b**3 - 6*b**2 + 6*b - 4. Let d(p) = 3*p**3 + 6*p**2 - 5*p + 4. Let s(l) = -5*d(l) - 4*g(l). Calculate s(a).
2
Let c be (1 - 0) + 4*-1. Let q(o) be the first derivative of o**2 + 3*o + 3 - 1/4*o**4 - 2/3*o**3. Give q(c).
6
Let b(w) be the third derivative of w**4/2 - 2*w**2. Let x(o) = -o**2 - 8*o - 9. Let m be x(-8). Let z = 8 + m. Give b(z).
-12
Let x(s) = -s**3 - 5*s**2 + 8*s + 2. Let o(c) = -c**2 + 11*c + 6. Let n be o(12). Give x(n).
-10
Suppose 15 = 4*t - t. Suppose 4*r - t*r + 3 = 0. Let y(j) = -2*j**2 + 2 + 4*j**2 - j - 4*j. What is y(r)?
5
Let r be 30/(1 + -6) - -3. Let t(m) = -m**3 - 4*m**2 - 3*m - 5. What is t(r)?
-5
Let t(d) = 11 + 3 + 8*d - d**2 - 4*d. Let j be t(6). Suppose j*v - 7*v - 3*a + 34 = 0, -3*v = 5*a - 30. Let z(b) = b**3 - 6*b**2 + 5*b + 4. What is z(v)?
4
Let i(t) = -5*t**2 + 2*t - 1. Suppose -80 = 5*o + 5*r, -8*o + 3*o - 4*r - 78 = 0. Let a be 12/16*4 + -2. Let x be (-17 - o) + (5 - a). Determine i(x).
-4
Let u(r) be the first derivative of r**4/4 + r**3 + 3*r**2/2 - r - 30. Let w(q) = -4*q**3 - 13*q**2 - 13*q + 5. Let f(o) = 9*u(o) + 2*w(o). Calculate f(-1).
0
Let d(u) = -10*u**3 - 3*u**2 - 5*u - 1. Let j(f) = f**2 + f. Let b(q) = d(q) + 5*j(q). Determine b(1).
-9
Let b(v) = 2*v + 1. Let t(m) = 3*m + 1. Let k(w) = 4*b(w) - 3*t(w). Let r(q) = q**2 - 3*q - 24. Let d be r(7). Calculate k(d).
-3
Let t(s) = -2*s + 6. Let p(l) = 6*l - 19. Let o(c) = 4*p(c) + 11*t(c). Let u(z) = z**3 + 22*z**2 - 48*z + 8. Let i be u(-24). Determine o(i).
6
Let n(c) be the first derivative of 7*c**2/2 + 6*c + 4. Let y(k) = 13*k + 11. Let v(z) = -5*n(z) + 3*y(z). Give v(-3).
-9
Suppose n - 5 = 5*k - 2, 5*k - 9 = -3*n. Let x be n + (-3 + 5)/(-2). Let b(o) = 4 - o**3 - 2*o + 0*o**2 - 6*o + 8*o**x. What is b(7)?
-3
Let x(s) be the third derivative of 0*s + 10*s**2 + 0 + 1/24*s**4 + 0*s**3. Calculate x(-1).
-1
Let a(i) = i**3 + 6*i**2 + 2*i + 23. Let z(m) = -2*m**3 - 12*m**2 - 6*m - 45. Let k(f) = -7*a(f) - 4*z(f). Give k(-5).
-6
Let y(x) = -4*x**2 + 13*x - 11. Let t(z) = z**2 - z + 2. Let w(c) = 3*t(c) + y(c). Determine w(8).
11
Let k(w) be the second derivative of -18*w + 1/6*w**3 + 5*w**2 + 0. Determine k(-7).
3
Let z be (-9)/(-6)*(-4)/3. Let n(r) = -2*r**3 - 4*r**2 - 2*r + 1. What is 